{"id":4208,"date":"2024-03-05T15:35:08","date_gmt":"2024-03-05T13:35:08","guid":{"rendered":"https:\/\/www.tv-constantia.ch\/?page_id=4208"},"modified":"2024-03-06T11:53:40","modified_gmt":"2024-03-06T09:53:40","slug":"impressum","status":"publish","type":"page","link":"https:\/\/www.tv-constantia.ch\/?page_id=4208","title":{"rendered":"Impressum"},"content":{"rendered":"<div class=\"wpb-content-wrapper\"><p>[vc_row][vc_column][vc_column_text]Die Seite tv-constantia.ch wurde von GiZGRAPHICS erstellt. GiZGRAPHICS wurde am 1. Januar 2000 gegr\u00fcndet, ist eine Einzelfirma mit Sitz in Basel-Stadt und bietet Dienstleistungen, Beratungen und Handel in den Bereichen Marketing, Werbung und Kommunikation an. Handelsregister-Nummer: CH-270.1.018.093-2<\/p>\n<p><strong>Kontakt<\/strong><br \/>\nGiZGRAPHICS<br \/>\nGuido Happle<br \/>\nPeterskirchplatz 14<br \/>\nCH-4051 Basel<br \/>\nT: +41 (0) 61 301 56 12<br \/>\nM: +41 (0) 76 330 56 12<br \/>\ninfo@gizgraphics.ch<\/p>\n<p><strong>Copyright<br \/>\n<\/strong>Inhalt, Informationen und das Material der Website tv-constantia.ch sind urheberrechtlich gesch\u00fctzt und Eigentum von TV Constantia Basel. GG l\u00e4sst die Vervielf\u00e4ltigung des Inhalts, der Informationen und des Materials der Website nur f\u00fcr den pers\u00f6nlichen, nicht-kommerziellen Gebrauch zu. Im \u00dcbrigen sind die Vervielf\u00e4ltigung, Distribution, \u00c4nderungen und Weitergabe des Inhalts, der Informationen und des Materials auf dieser Website ohne die Zustimmung von GG untersagt.<\/p>\n<p><strong>Haftungsausschluss<\/strong><br \/>\nGiZGRAPHICS (GG) erstellt die Website tv-constantia.ch und die darin enthaltenen Informationen mit gr\u00f6sstm\u00f6glicher Sorgfalt. Alle Informationen auf der Website erfolgen ohne Gew\u00e4hr f\u00fcr ihre Richtigkeit. Es wird keine Haftung f\u00fcr die Verwendung der Website und der darin enthaltenen Informationen \u00fcbernommen. GG \u00fcbernimmt ebenso keine Haftung f\u00fcr die Inhalte anderer Websites, die Sie \u00fcber Links besuchen k\u00f6nnen oder von denen aus auf diese Website hingewiesen wird. Hierbei handelt es sich um fremde Angebote, auf deren inhaltliche Gestaltung GG keinen Einfluss hat, und f\u00fcr das GG nicht verantwortlich ist.<\/p>\n<p><strong>Kommunikation via E-Mail<br \/>\n<\/strong>GG weist Sie darauf hin, dass die Kommunikation via E-Mail nicht immer sicher ist.[\/vc_column_text][\/vc_column][\/vc_row]<\/p>\n<\/div>","protected":false},"excerpt":{"rendered":"<p>[vc_row][vc_column][vc_column_text]Die Seite tv-constantia.ch wurde von GiZGRAPHICS erstellt. GiZGRAPHICS wurde am 1. Januar 2000 gegr\u00fcndet, ist eine Einzelfirma mit Sitz in Basel-Stadt und bietet Dienstleistungen, Beratungen und Handel in den Bereichen Marketing, Werbung und Kommunikation an. Handelsregister-Nummer: CH-270.1.018.093-2 Kontakt GiZGRAPHICS Guido Happle Peterskirchplatz 14 CH-4051 Basel T: +41 (0) 61 301 56 12 M: +41 (0) 76 330 56 12 info@gizgraphics.ch Copyright Inhalt, Informationen und das Material der Website tv-constantia.ch sind urheberrechtlich gesch\u00fctzt und Eigentum von TV Constantia Basel. GG l\u00e4sst die Vervielf\u00e4ltigung des Inhalts, der Informationen und des Materials der Website nur f\u00fcr den pers\u00f6nlichen, nicht-kommerziellen Gebrauch zu. Im \u00dcbrigen&#8230;<\/p>\n","protected":false},"author":9845,"featured_media":0,"parent":0,"menu_order":0,"comment_status":"closed","ping_status":"closed","template":"","meta":{"footnotes":""},"class_list":["post-4208","page","type-page","status-publish","hentry"],"_links":{"self":[{"href":"https:\/\/www.tv-constantia.ch\/index.php?rest_route=\/wp\/v2\/pages\/4208","targetHints":{"allow":["GET"]}}],"collection":[{"href":"https:\/\/www.tv-constantia.ch\/index.php?rest_route=\/wp\/v2\/pages"}],"about":[{"href":"https:\/\/www.tv-constantia.ch\/index.php?rest_route=\/wp\/v2\/types\/page"}],"author":[{"embeddable":true,"href":"https:\/\/www.tv-constantia.ch\/index.php?rest_route=\/wp\/v2\/users\/9845"}],"replies":[{"embeddable":true,"href":"https:\/\/www.tv-constantia.ch\/index.php?rest_route=%2Fwp%2Fv2%2Fcomments&post=4208"}],"version-history":[{"count":2,"href":"https:\/\/www.tv-constantia.ch\/index.php?rest_route=\/wp\/v2\/pages\/4208\/revisions"}],"predecessor-version":[{"id":4279,"href":"https:\/\/www.tv-constantia.ch\/index.php?rest_route=\/wp\/v2\/pages\/4208\/revisions\/4279"}],"wp:attachment":[{"href":"https:\/\/www.tv-constantia.ch\/index.php?rest_route=%2Fwp%2Fv2%2Fmedia&parent=4208"}],"curies":[{"name":"wp","href":"https:\/\/api.w.org\/{rel}","templated":true}]}}